
Let y = 3 + 4. Suppose 36*g = 20*g + 1232. Calculate the greatest common divisor of y and g.
7
Let k = -66 - -47. Let t = 29 + -2. Let h = t + k. What is the greatest common factor of 1 and h?
1
Let u = -8 - -60. Let i(f) = 2*f**2 + 24*f - 43. Let l be i(-14). Calculate the greatest common divisor of u and l.
13
Let c(a) = -a**2 - 11*a + 5. Let b be c(-11). Suppose -5*p + 3 = s - 64, -b*p = -s - 63. Calculate the highest common divisor of 39 and p.
13
Let k be 4/10 - (-152)/20. Suppose -g = 3*g - k. Let t = -17 + 31. Calculate the greatest common divisor of g and t.
2
Suppose d + 16 = 5*d. Let c = -17 - -26. Suppose 5*y - 151 = c. What is the highest common factor of d and y?
4
Let d be (-1)/(8/20)*-2. Suppose -4 = d*l - l. Let o = l - -8. Calculate the highest common divisor of 77 and o.
7
Suppose -5*g = -c - 87, 0 = 2*g + 3*c - 5*c - 30. Let m(z) = -3*z + 7. Let d be m(-4). Let k = d - 17. What is the greatest common divisor of k and g?
2
Let u = -209 + 215. Suppose c - 23 - 1 = 0. Calculate the highest common factor of c and u.
6
Let p(s) = 4 + 0 - s + 6. Let t be p(0). What is the greatest common divisor of 10 and t?
10
Let i be (-3)/((7/(-5))/7). What is the highest common factor of i and 54?
3
Let i(y) = 2175*y + 3. Let z be i(1). What is the highest common factor of z and 44?
22
Let z = 53 + -11. Suppose 2*d = d + 6. What is the highest common divisor of z and d?
6
Let r(d) = -d**2 + 3*d + 10. Let m be r(5). Suppose 2*a = a + 4. Suppose -q + 4 = -u - 8, -a*u - 8 = m. Calculate the greatest common factor of 70 and q.
10
Let w be ((-8)/10)/(8/(-40)). Suppose -4*j + 83 - 3 = -w*a, -4*j = -a - 83. What is the highest common factor of j and 7?
7
Suppose -18*p + 1953 = 13*p. What is the greatest common divisor of 42 and p?
21
Suppose -y = -3 - 26. Let r = y - 46. Let c = r - -24. Calculate the highest common divisor of c and 56.
7
Suppose g - 8*g = 0. Suppose -6*b + 9*b - 72 = g. Calculate the greatest common divisor of 8 and b.
8
Suppose 7*m - 380 = -16. Suppose m = 10*w - 148. Let u = 38 + 2. Calculate the greatest common divisor of u and w.
20
Let n(l) = -14*l - 8. Let d be n(-2). Calculate the highest common divisor of d and 20.
20
Suppose -4*w = -w - 21. Let x be ((-15)/10)/((-6)/(-8)). Let t be 77 + (2 + x)/(-5 - -4). What is the highest common divisor of w and t?
7
Suppose -118 = 2*j - 78. Let t be (9/6)/((-30)/j). Calculate the highest common divisor of t and 13.
1
Let f = -39 + 64. Suppose -5*b - 3*h = -60, 0*b + 3*b = -4*h + f. Calculate the highest common factor of 3 and b.
3
Suppose 0 = -3*w + o + 56, -2*w + 48 = -0*w + 2*o. What is the greatest common divisor of 16 and w?
4
Suppose -78 = -9*t + 12. Let l = 12 - t. Calculate the greatest common divisor of 8 and l.
2
Suppose -246 = -96*a + 92*a - 2*h, 171 = 3*a - 3*h. Calculate the greatest common factor of 660 and a.
60
Let q = -139 + 143. Calculate the highest common factor of q and 100.
4
Suppose 0 = -4*x - 2*s + 216, -8*x - 2*s = -6*x - 104. What is the greatest common factor of 364 and x?
28
Let x(k) = -k**3 + 16*k**2 - 14*k + 13. Suppose 7*t - 77 = 21. Let i be x(t). Calculate the highest common factor of i and 11.
11
Let f(a) = -10*a + 17. Let q be f(-1). Calculate the highest common divisor of 243 and q.
27
Suppose 2*t - 60 = -0*t. Suppose -115 + 375 = 13*y. Calculate the greatest common divisor of y and t.
10
Let k = 23 + -35. Let i be 180/(-8)*8/k. What is the highest common divisor of 90 and i?
15
Let c be ((-1)/(4/(-3)))/((-1)/96). Let p = c + 104. Calculate the greatest common factor of p and 16.
16
Let o(f) = -f + 7. Let t be o(5). Suppose h - 24 = -t*h. Let n = 9220 + -9212. What is the greatest common divisor of h and n?
8
Let o be 3/(-7) + (-1362)/(-42). Let l = o + -27. Suppose -4*q + 110 = -2*q. What is the greatest common divisor of l and q?
5
Let j(a) = 2*a - 9. Suppose 3*n = z - 5*z + 21, 21 = 3*n - 5*z. Let b be j(n). Suppose b*y + 0*y = 225. Calculate the highest common divisor of 18 and y.
9
Let f be (-43)/(-15) - (-1)/((-75)/(-10)). What is the greatest common divisor of 81 and f?
3
Let n be (1 - 3 - -2) + 2. Let l = n + 2. Suppose -2*p + 10 = -q + 4, -2*p - l*q = -6. Calculate the greatest common factor of 6 and p.
3
Let f be 1*(-5)/10*-60. Let d = 30 - -60. Calculate the greatest common factor of f and d.
30
Let t be 20 - ((-3 - (-2 + 3)) + 2). Let b be ((-6)/(-8))/(2/176). Calculate the highest common factor of b and t.
22
Let p be -22 + 0 - (-10 + 9). Let q = p - -22. What is the greatest common divisor of 11 and q?
1
Suppose 0 = -12*a + 6 + 6. Let i be a + (-1 + -4)*-2. What is the highest common divisor of 88 and i?
11
Let l = -579 + 866. Let o be (-3)/(-4) + l/28. Suppose 0 + 2 = -2*s, -5*s + 61 = 3*x. Calculate the highest common divisor of x and o.
11
Let w(r) be the first derivative of 3*r**2/2 + 3*r - 16. Let m be w(10). Calculate the greatest common divisor of m and 264.
33
Suppose -5*j = -4*j + 4*q - 164, q - 671 = -4*j. What is the greatest common divisor of j and 24?
24
Suppose 2*i - i - 11 = 0. Let a(p) = -p**2 + 7*p + 12. Let o be a(i). Let b be 5/((-20)/o)*5. Calculate the highest common divisor of 20 and b.
20
Let j be 14/(-4)*444/(-21). Suppose j - 22 = 2*t. Calculate the highest common factor of t and 39.
13
Let r be 1/(-5)*(14 - 9). Let t be (19 - r)*(-13 - -17). Calculate the greatest common factor of t and 120.
40
Let w = -103 + 46. Let a be (-2)/6 - (-1064)/w. Let t = a - -29. Calculate the greatest common factor of 70 and t.
10
Suppose -3*u - 2*u - q = 13, 0 = -2*u + 4*q - 14. Let g be 9/u*1*(-3 + -2). What is the highest common divisor of 9 and g?
3
Let d(s) = s**2 + 4*s + 5. Let c be d(-4). Suppose -2*o + 3 + c = 0. Calculate the highest common factor of 1 and o.
1
Let c be (0 - 1)*1*(-5 - 118). Calculate the greatest common divisor of 82 and c.
41
Let h(k) = 2*k + 16. Let c be h(-6). Suppose 0 = c*r, -2*v - r + 16 + 2 = 0. Let y be 10 + -1*3/3. Calculate the greatest common factor of y and v.
9
Let l be (-1374)/18 - 4/6. Let f = 197 + l. Calculate the greatest common divisor of 15 and f.
15
Suppose -5*g + 304 + 102 = 2*a, -2*a - 394 = -5*g. What is the greatest common factor of 112 and g?
16
Let j be (-12)/(-2*2)*(-20)/(-12). Calculate the greatest common factor of 265 and j.
5
Suppose -301*f = -296*f - 140. Calculate the highest common factor of 252 and f.
28
Let h(p) = p**3 - 3*p**2 - 5*p + 5. Let k be h(4). Let o = k + 6. Suppose 95*w - 245 = 90*w. What is the greatest common divisor of o and w?
7
Let j = -226 - -325. What is the highest common divisor of j and 11?
11
Let y(f) = -f**3 + 20*f**2 - 2*f + 47. Let p be y(20). Let o = 45 - p. Calculate the highest common divisor of 266 and o.
38
Suppose -2*m - s + 84 = 2*m, 0 = -5*s. Suppose -3*r = -1 - 20. What is the greatest common factor of r and m?
7
Let q = 468 + -276. Let g = 337 - 313. Calculate the highest common divisor of g and q.
24
Let m(t) = -t**3 - 4*t**2 + 7*t - 2. Let p be (-47)/9 - (-2)/9. Let w be m(p). Let a be w/(-16) + (-45)/(-4). What is the highest common divisor of 6 and a?
6
Let k(j) = j**2 - 17 + 0*j + 5 - 10 + 11*j. Let d be k(-13). What is the greatest common factor of 28 and d?
4
Suppose 14*p = 4*p + 8990. Calculate the greatest common factor of 31 and p.
31
Suppose -5*s = -20, 2*v + 7*s = 2*s + 30. Suppose -1928 - 4382 = -v*u. Suppose 294 = -4*r + u. What is the highest common divisor of 22 and r?
22
Let w(x) = 115*x**2 + 0 + 13 - 114*x**2 - 11*x. Let j be w(9). Let n be 15 - (j - -1)/(-1). What is the greatest common divisor of 11 and n?
11
Let j = -730 - -739. What is the greatest common factor of j and 225?
9
Let u = -774 + 794. Calculate the greatest common divisor of u and 20.
20
Suppose 0 = -18*k + 66*k - 384. What is the greatest common divisor of k and 16?
8
Let s = 8 + -22. Let i = s - -16. Suppose -6 = -4*q + i. Calculate the greatest common divisor of 16 and q.
2
Let f(s) be the second derivative of -s**4/6 - 10*s**3/3 - 5*s**2 - 5*s. Let x be f(-8). Calculate the greatest common factor of 66 and x.
22
Let k(l) = 2410*l + 55. Let t be k(1). What is the greatest common divisor of 85 and t?
85
Let v be 4*(9/(-12))/(15/(-3235)). Suppose 0 = -5*d + v - 192. Suppose 33 - 7 = 2*u. Calculate the highest common factor of u and d.
13
Let r(k